 units digit of 599422?
2
What is the millions digit of 8012502?
8
What is the hundreds digit of 40852?
8
What is the millions digit of 7337116?
7
What is the tens digit of 1311816?
1
What is the millions digit of 1038761?
1
What is the hundreds digit of 1888341?
3
What is the thousands digit of 3104053?
4
What is the ten thousands digit of 219787?
1
What is the hundreds digit of 2499010?
0
What is the millions digit of 22375433?
2
What is the millions digit of 7494669?
7
What is the millions digit of 1426643?
1
What is the units digit of 3260782?
2
What is the units digit of 6587728?
8
What is the hundreds digit of 56010?
0
What is the ten millions digit of 13075560?
1
What is the tens digit of 222764?
6
What is the tens digit of 3349835?
3
What is the thousands digit of 5501850?
1
What is the thousands digit of 352054?
2
What is the ten thousands digit of 295681?
9
What is the hundreds digit of 3725052?
0
What is the thousands digit of 4285327?
5
What is the tens digit of 8812309?
0
What is the thousands digit of 394256?
4
What is the hundred thousands digit of 2514177?
5
What is the hundred thousands digit of 173849?
1
What is the thousands digit of 371320?
1
What is the tens digit of 31460264?
6
What is the tens digit of 441313?
1
What is the ten thousands digit of 1475441?
7
What is the hundred thousands digit of 250398?
2
What is the ten thousands digit of 845689?
4
What is the ten thousands digit of 62692?
6
What is the hundreds digit of 4251324?
3
What is the units digit of 1322753?
3
What is the millions digit of 22553980?
2
What is the millions digit of 33198087?
3
What is the hundreds digit of 255852?
8
What is the units digit of 58674?
4
What is the units digit of 878534?
4
What is the hundreds digit of 102776?
7
What is the units digit of 645283?
3
What is the ten thousands digit of 8893740?
9
What is the tens digit of 641888?
8
What is the millions digit of 6981728?
6
What is the hundred thousands digit of 395385?
3
What is the units digit of 207977?
7
What is the hundreds digit of 2143050?
0
What is the thousands digit of 2178357?
8
What is the ten thousands digit of 1194356?
9
What is the hundred thousands digit of 860564?
8
What is the tens digit of 946722?
2
What is the hundreds digit of 2926803?
8
What is the hundreds digit of 176382?
3
What is the ten thousands digit of 689683?
8
What is the hundreds digit of 14484?
4
What is the units digit of 113000?
0
What is the units digit of 1537182?
2
What is the ten thousands digit of 5897750?
9
What is the millions digit of 2343205?
2
What is the hundred thousands digit of 2700259?
7
What is the tens digit of 4108848?
4
What is the tens digit of 1697995?
9
What is the thousands digit of 25852?
5
What is the ten thousands digit of 4921540?
2
What is the tens digit of 1779292?
9
What is the hundred thousands digit of 19875428?
8
What is the ten thousands digit of 1177793?
7
What is the ten thousands digit of 307155?
0
What is the hundred thousands digit of 3662180?
6
What is the hundreds digit of 1814268?
2
What is the units digit of 234491?
1
What is the hundreds digit of 570212?
2
What is the units digit of 438207?
7
What is the thousands digit of 328797?
8
What is the units digit of 16349461?
1
What is the ten thousands digit of 70981?
7
What is the hundreds digit of 103354?
3
What is the tens digit of 106342?
4
What is the hundreds digit of 310430?
4
What is the hundreds digit of 79655?
6
What is the tens digit of 518725?
2
What is the tens digit of 423391?
9
What is the ten thousands digit of 1222669?
2
What is the millions digit of 1452533?
1
What is the thousands digit of 6794476?
4
What is the ten thousands digit of 6705733?
0
What is the hundred thousands digit of 134488?
1
What is the units digit of 2422497?
7
What is the ten thousands digit of 1327725?
2
What is the hundred thousands digit of 2441755?
4
What is the ten millions digit of 23311940?
2
What is the ten thousands digit of 73539?
7
What is the ten thousands digit of 7309520?
0
What is the units digit of 1182355?
5
What is the units digit of 205196?
6
What is the thousands digit of 630806?
0
What is the thousands digit of 13244383?
4
What is the tens digit of 4293945?
4
What is the thousands digit of 819439?
9
What is the tens digit of 8466620?
2
What is the units digit of 9635316?
6
What is the tens digit of 4082390?
9
What is the hundred thousands digit of 301002?
3
What is the tens digit of 12906812?
1
What is the units digit of 7725925?
5
What is the tens digit of 40370?
7
What is the thousands digit of 478340?
8
What is the units digit of 5328690?
0
What is the hundred thousands digit of 16001767?
0
What is the hundred thousands digit of 656391?
6
What is the tens digit of 275359?
5
What is the units digit of 1874644?
4
What is the ten thousands digit of 4277541?
7
What is the thousands digit of 752882?
2
What is the thousands digit of 647820?
7
What is the tens digit of 5570008?
0
What is the hundred thousands digit of 4925110?
9
What is the hundred thousands digit of 409069?
4
What is the hundreds digit of 238232?
2
What is the tens digit of 80151?
5
What is the thousands digit of 4831298?
1
What is the tens digit of 44081?
8
What is the hundreds digit of 39215?
2
What is the thousands digit of 136538?
6
What is the hundreds digit of 36351?
3
What is the hundred thousands digit of 2729304?
7
What is the millions digit of 6369021?
6
What is the hundred thousands digit of 1822055?
8
What is the hundred thousands digit of 901138?
9
What is the hundreds digit of 518810?
8
What is the tens digit of 631839?
3
What is the tens digit of 15937338?
3
What is the thousands digit of 996374?
6
What is the thousands digit of 117985?
7
What is the thousands digit of 62448?
2
What is the hundred thousands digit of 5246128?
2
What is the thousands digit of 710554?
0
What is the thousands digit of 153700?
3
What is the ten thousands digit of 7043309?
4
What is the hundreds digit of 434352?
3
What is the ten thousands digit of 1038050?
3
What is the ten thousands digit of 7291072?
9
What is the millions digit of 4701018?
4
What is the ten thousands digit of 1085033?
8
What is the millions digit of 7985674?
7
What is the ten thousands digit of 366902?
6
What is the tens digit of 7373327?
2
What is the ten thousands digit of 35567821?
6
What is the ten thousands digit of 239229?
3
What is the tens digit of 22637?
3
What is the tens digit of 862476?
7
What is the thousands digit of 245059?
5
What is the hundreds digit of 30603841?
8
What is the ten thousands digit of 3805465?
0
What is the hundreds digit of 23398068?
0
What is the thousands digit of 69991?
9
What is the hundred thousands digit of 2905653?
9
What is the ten thousands digit of 13153184?
5
What is the hundred thousands digit of 146138?
1
What is the millions digit of 8523677?
8
What is the thousands digit of 257273?
7
What is the ten thousands digit of 5214892?
1
What is the hundreds digit of 5061567?
5
What is the hundred thousands digit of 16089871?
0
What is the thousands digit of 4781786?
1
What is the ten thousands digit of 1143576?
4
What is the thousands digit of 1007062?
7
What is the hundred thousands digit of 205993?
2
What is the hundreds digit of 275?
2
What is the millions digit of 1946359?
1
What is the thousands digit of 14785?
4
What is the hundred thousands digit of 562288?
5
What is the units digit of 1700612?
2
What is the ten thousands digit of 234117?
3
What is the hundred thousands digit of 11865029?
8
What is the hundreds digit of 2516498?
4
What is the thousands digit of 193986?
3
What is the hundreds digit of 179125?
1
What is the ten thousands digit of 416400?
1
What is the hundreds digit of 48287?
2
What is the thousands digit of 2039813?
9
What is the hundreds digit of 9846091?
0
What is the tens digit of 133191?
9
What is the hundreds digit of 280491?
4
What is the thousands digit of 9325110?
5
What is the hundred thousands digit of 318136?
3
What is the tens digit of 1779195?
9
What is the ten thousands digit of 1310499?
1
What is the millions digit of 25537362?
5
What is the thousands digit of 794718?
4
What is the hundred thousands digit of 5174401?
1
What is the units digit of 220813?
3
What is the hundreds digit of 8110357?
3
